{"id":237,"date":"2025-10-15T12:33:52","date_gmt":"2025-10-15T12:33:52","guid":{"rendered":"https:\/\/hybred.edu.co\/site\/?page_id=237"},"modified":"2025-10-24T16:41:18","modified_gmt":"2025-10-24T16:41:18","slug":"237-2","status":"publish","type":"page","link":"https:\/\/hybred.edu.co\/site\/index.php\/237-2\/","title":{"rendered":"Estrategia Educativa"},"content":{"rendered":"\n<div class=\"wp-block-cover\" style=\"min-height:810px;aspect-ratio:unset;\"><img loading=\"lazy\" decoding=\"async\" width=\"1024\" height=\"433\" class=\"wp-block-cover__image-background wp-image-238\" alt=\"\" src=\"https:\/\/hybred.edu.co\/site\/wp-content\/uploads\/2025\/10\/Modelo-Educativo-\u00a1Conquista-tus-suenos-1024x433.png\" style=\"object-position:18% 61%\" data-object-fit=\"cover\" data-object-position=\"18% 61%\" srcset=\"https:\/\/hybred.edu.co\/site\/wp-content\/uploads\/2025\/10\/Modelo-Educativo-\u00a1Conquista-tus-suenos-1024x433.png 1024w, https:\/\/hybred.edu.co\/site\/wp-content\/uploads\/2025\/10\/Modelo-Educativo-\u00a1Conquista-tus-suenos-300x127.png 300w, https:\/\/hybred.edu.co\/site\/wp-content\/uploads\/2025\/10\/Modelo-Educativo-\u00a1Conquista-tus-suenos-768x325.png 768w, https:\/\/hybred.edu.co\/site\/wp-content\/uploads\/2025\/10\/Modelo-Educativo-\u00a1Conquista-tus-suenos-1536x649.png 1536w, https:\/\/hybred.edu.co\/site\/wp-content\/uploads\/2025\/10\/Modelo-Educativo-\u00a1Conquista-tus-suenos.png 1926w\" sizes=\"auto, (max-width: 1024px) 100vw, 1024px\" \/><span aria-hidden=\"true\" class=\"wp-block-cover__background has-background-dim-0 has-background-dim\"><\/span><div class=\"wp-block-cover__inner-container is-layout-flow wp-block-cover-is-layout-flow\">\n<p class=\"has-text-align-center has-large-font-size\"><\/p>\n<\/div><\/div>\n\n\n\n<div class=\"wp-block-group is-layout-flow wp-block-group-is-layout-flow\" style=\"padding-top:0;padding-right:var(--wp--preset--spacing--50);padding-bottom:0;padding-left:var(--wp--preset--spacing--50)\">\n<div class=\"wp-block-group is-layout-flow wp-block-group-is-layout-flow\">\n<h2 class=\"wp-block-heading has-text-align-center\">Las Cinco Dimensiones del <strong>aprendizaje (Los ED-s)<\/strong><\/h2>\n\n\n\n<div class=\"wp-block-group is-layout-flow wp-block-group-is-layout-flow\">\n<p class=\"has-text-align-center\">Nuestra Estrategia H\u00edbrida Educativa se articula a trav\u00e9s de cinco principios clave que definen la experiencia de aprendizaje personalizada y flexible:<\/p>\n\n\n\n<figure class=\"wp-block-image aligncenter size-large\"><img loading=\"lazy\" decoding=\"async\" width=\"1024\" height=\"298\" src=\"https:\/\/hybred.edu.co\/site\/wp-content\/uploads\/2025\/10\/Las-cinco-dimensiones-del-aprendizaje-1024x298.png\" alt=\"\" class=\"wp-image-244\" srcset=\"https:\/\/hybred.edu.co\/site\/wp-content\/uploads\/2025\/10\/Las-cinco-dimensiones-del-aprendizaje-1024x298.png 1024w, https:\/\/hybred.edu.co\/site\/wp-content\/uploads\/2025\/10\/Las-cinco-dimensiones-del-aprendizaje-300x87.png 300w, https:\/\/hybred.edu.co\/site\/wp-content\/uploads\/2025\/10\/Las-cinco-dimensiones-del-aprendizaje-768x224.png 768w, https:\/\/hybred.edu.co\/site\/wp-content\/uploads\/2025\/10\/Las-cinco-dimensiones-del-aprendizaje-1536x447.png 1536w, https:\/\/hybred.edu.co\/site\/wp-content\/uploads\/2025\/10\/Las-cinco-dimensiones-del-aprendizaje.png 1820w\" sizes=\"auto, (max-width: 1024px) 100vw, 1024px\" \/><\/figure>\n\n\n\n<figure class=\"wp-block-image aligncenter size-large\"><img loading=\"lazy\" decoding=\"async\" width=\"868\" height=\"1024\" src=\"https:\/\/hybred.edu.co\/site\/wp-content\/uploads\/2025\/10\/Las-cinco-dimensiones-del-aprendizaje-CUADRO-868x1024.png\" alt=\"\" class=\"wp-image-246\" srcset=\"https:\/\/hybred.edu.co\/site\/wp-content\/uploads\/2025\/10\/Las-cinco-dimensiones-del-aprendizaje-CUADRO-868x1024.png 868w, https:\/\/hybred.edu.co\/site\/wp-content\/uploads\/2025\/10\/Las-cinco-dimensiones-del-aprendizaje-CUADRO-254x300.png 254w, https:\/\/hybred.edu.co\/site\/wp-content\/uploads\/2025\/10\/Las-cinco-dimensiones-del-aprendizaje-CUADRO-768x906.png 768w, https:\/\/hybred.edu.co\/site\/wp-content\/uploads\/2025\/10\/Las-cinco-dimensiones-del-aprendizaje-CUADRO-1302x1536.png 1302w, https:\/\/hybred.edu.co\/site\/wp-content\/uploads\/2025\/10\/Las-cinco-dimensiones-del-aprendizaje-CUADRO-1735x2048.png 1735w, https:\/\/hybred.edu.co\/site\/wp-content\/uploads\/2025\/10\/Las-cinco-dimensiones-del-aprendizaje-CUADRO.png 1777w\" sizes=\"auto, (max-width: 868px) 100vw, 868px\" \/><\/figure>\n\n\n\n<hr class=\"wp-block-separator has-alpha-channel-opacity\"\/>\n<\/div>\n<\/div>\n\n\n\n<div class=\"wp-block-group is-layout-flow wp-block-group-is-layout-flow\">\n<h2 class=\"wp-block-heading has-text-align-center\">Pedagog\u00eda para el <strong>Liderazgo \u00c9tico<\/strong><\/h2>\n\n\n\n<div class=\"wp-block-group is-layout-flow wp-block-group-is-layout-flow\">\n<p>Nuestras trayectorias curriculares est\u00e1n orientadas por competencias y dise\u00f1adas para que el estudiante desarrolle habilidades en cinco dimensiones, incluyendo las Competencias Socioemocionales (SEL) y la Integridad Acad\u00e9mica. El dise\u00f1o instruccional promueve activamente:<\/p>\n\n\n\n<figure class=\"wp-block-image aligncenter size-large\"><img loading=\"lazy\" decoding=\"async\" width=\"1024\" height=\"902\" src=\"https:\/\/hybred.edu.co\/site\/wp-content\/uploads\/2025\/10\/APRENDIZAJE-1024x902.png\" alt=\"\" class=\"wp-image-485\" srcset=\"https:\/\/hybred.edu.co\/site\/wp-content\/uploads\/2025\/10\/APRENDIZAJE-1024x902.png 1024w, https:\/\/hybred.edu.co\/site\/wp-content\/uploads\/2025\/10\/APRENDIZAJE-300x264.png 300w, https:\/\/hybred.edu.co\/site\/wp-content\/uploads\/2025\/10\/APRENDIZAJE-768x677.png 768w, https:\/\/hybred.edu.co\/site\/wp-content\/uploads\/2025\/10\/APRENDIZAJE-1536x1354.png 1536w, https:\/\/hybred.edu.co\/site\/wp-content\/uploads\/2025\/10\/APRENDIZAJE.png 1769w\" sizes=\"auto, (max-width: 1024px) 100vw, 1024px\" \/><\/figure>\n\n\n\n<hr class=\"wp-block-separator has-alpha-channel-opacity\"\/>\n<\/div>\n<\/div>\n\n\n\n<div class=\"wp-block-group is-layout-flow wp-block-group-is-layout-flow\">\n<h2 class=\"wp-block-heading has-text-align-center\">Fundamentos <strong>Cient\u00edficos y Tecnol\u00f3gicos<\/strong><\/h2>\n\n\n\n<div class=\"wp-block-group is-layout-flow wp-block-group-is-layout-flow\">\n<div class=\"wp-block-media-text is-stacked-on-mobile\" style=\"grid-template-columns:20% auto\"><figure class=\"wp-block-media-text__media\"><img loading=\"lazy\" decoding=\"async\" width=\"559\" height=\"681\" src=\"https:\/\/hybred.edu.co\/site\/wp-content\/uploads\/2025\/10\/Neurociencia-y-Aprendizaje-Adolescente-2.png\" alt=\"\" class=\"wp-image-256 size-full\" srcset=\"https:\/\/hybred.edu.co\/site\/wp-content\/uploads\/2025\/10\/Neurociencia-y-Aprendizaje-Adolescente-2.png 559w, https:\/\/hybred.edu.co\/site\/wp-content\/uploads\/2025\/10\/Neurociencia-y-Aprendizaje-Adolescente-2-246x300.png 246w\" sizes=\"auto, (max-width: 559px) 100vw, 559px\" \/><\/figure><div class=\"wp-block-media-text__content\">\n<p>Nuestro enfoque est\u00e1 basado en la neurociencia del aprendizaje adolescente, asegurando que las metodolog\u00edas se alineen con c\u00f3mo aprenden los j\u00f3venes.<\/p>\n<\/div><\/div>\n\n\n\n<div class=\"wp-block-media-text is-stacked-on-mobile\" style=\"grid-template-columns:21% auto\"><figure class=\"wp-block-media-text__media\"><img loading=\"lazy\" decoding=\"async\" width=\"559\" height=\"681\" src=\"https:\/\/hybred.edu.co\/site\/wp-content\/uploads\/2025\/10\/Inteligencia-Artificial-como-piloto-1.png\" alt=\"\" class=\"wp-image-257 size-full\" srcset=\"https:\/\/hybred.edu.co\/site\/wp-content\/uploads\/2025\/10\/Inteligencia-Artificial-como-piloto-1.png 559w, https:\/\/hybred.edu.co\/site\/wp-content\/uploads\/2025\/10\/Inteligencia-Artificial-como-piloto-1-246x300.png 246w\" sizes=\"auto, (max-width: 559px) 100vw, 559px\" \/><\/figure><div class=\"wp-block-media-text__content\">\n<p>La Estrategia H\u00edbrida Educativa est\u00e1 potenciada por inteligencia artificial (IA). Creemos que la IA es un copiloto que mejora el dise\u00f1o educativo y los aprendizajes, y sirve como inteligencia aumentada (Augmented Intelligence). La tecnolog\u00eda debe amplificar, no reemplazar, el rol del docente, manteniendo la empat\u00eda y la inspiraci\u00f3n humana en el centro.<\/p>\n<\/div><\/div>\n\n\n\n<div class=\"wp-block-media-text is-stacked-on-mobile\" style=\"grid-template-columns:23% auto\"><figure class=\"wp-block-media-text__media\"><img loading=\"lazy\" decoding=\"async\" width=\"558\" height=\"692\" src=\"https:\/\/hybred.edu.co\/site\/wp-content\/uploads\/2025\/10\/Estandares-Globales-de-Calidad_1.png\" alt=\"\" class=\"wp-image-258 size-full\" srcset=\"https:\/\/hybred.edu.co\/site\/wp-content\/uploads\/2025\/10\/Estandares-Globales-de-Calidad_1.png 558w, https:\/\/hybred.edu.co\/site\/wp-content\/uploads\/2025\/10\/Estandares-Globales-de-Calidad_1-242x300.png 242w\" sizes=\"auto, (max-width: 558px) 100vw, 558px\" \/><\/figure><div class=\"wp-block-media-text__content\">\n<p>El curr\u00edculo est\u00e1 alineado con Est\u00e1ndares Internacionales como Cognia, WIDA, ODS y Common Core, adem\u00e1s de los est\u00e1ndares del MEN (Ministerio de Educaci\u00f3n Nacional de Colombia).<\/p>\n<\/div><\/div>\n<\/div>\n<\/div>\n\n\n\n<hr class=\"wp-block-separator has-alpha-channel-opacity\"\/>\n\n\n\n<h2 class=\"wp-block-heading has-text-align-center\"><strong>Cada historia, un sue\u00f1o hecho realidad<\/strong><\/h2>\n\n\n\n<p class=\"has-text-align-center\">Nuestros estudiantes te cuentan c\u00f3mo viven su experiencia.<\/p>\n\n\n\n<div class=\"wp-block-columns is-layout-flex wp-container-core-columns-is-layout-28f84493 wp-block-columns-is-layout-flex\">\n<div class=\"wp-block-column is-layout-flow wp-block-column-is-layout-flow\">\n<figure class=\"wp-block-video\"><video height=\"1280\" style=\"aspect-ratio: 718 \/ 1280;\" width=\"718\" controls src=\"https:\/\/hybred.edu.co\/site\/wp-content\/uploads\/2025\/10\/Video-Sofia-Munera-1.mp4\"><\/video><\/figure>\n<\/div>\n\n\n\n<div class=\"wp-block-column is-layout-flow wp-block-column-is-layout-flow\">\n<figure class=\"wp-block-video\"><video height=\"1280\" style=\"aspect-ratio: 718 \/ 1280;\" width=\"718\" controls src=\"https:\/\/hybred.edu.co\/site\/wp-content\/uploads\/2025\/10\/Pablo-Rojas-Hybr-Ed.mp4\"><\/video><\/figure>\n<\/div>\n<\/div>\n<\/div>\n","protected":false},"excerpt":{"rendered":"<p>Las Cinco Dimensiones del aprendizaje (Los ED-s) Nuestra Estrategia H\u00edbrida Educativa se articula a trav\u00e9s de cinco principios clave que definen la experiencia de aprendizaje personalizada y flexible: Pedagog\u00eda para el Liderazgo \u00c9tico Nuestras trayectorias curriculares est\u00e1n orientadas por competencias y dise\u00f1adas para que el estudiante desarrolle habilidades en cinco dimensiones, incluyendo las Competencias Socioemocionales [&hellip;]<\/p>\n","protected":false},"author":2,"featured_media":0,"parent":0,"menu_order":0,"comment_status":"closed","ping_status":"closed","template":"wp-custom-template-empty","meta":{"footnotes":""},"class_list":["post-237","page","type-page","status-publish","hentry"],"_links":{"self":[{"href":"https:\/\/hybred.edu.co\/site\/index.php\/wp-json\/wp\/v2\/pages\/237","targetHints":{"allow":["GET"]}}],"collection":[{"href":"https:\/\/hybred.edu.co\/site\/index.php\/wp-json\/wp\/v2\/pages"}],"about":[{"href":"https:\/\/hybred.edu.co\/site\/index.php\/wp-json\/wp\/v2\/types\/page"}],"author":[{"embeddable":true,"href":"https:\/\/hybred.edu.co\/site\/index.php\/wp-json\/wp\/v2\/users\/2"}],"replies":[{"embeddable":true,"href":"https:\/\/hybred.edu.co\/site\/index.php\/wp-json\/wp\/v2\/comments?post=237"}],"version-history":[{"count":28,"href":"https:\/\/hybred.edu.co\/site\/index.php\/wp-json\/wp\/v2\/pages\/237\/revisions"}],"predecessor-version":[{"id":495,"href":"https:\/\/hybred.edu.co\/site\/index.php\/wp-json\/wp\/v2\/pages\/237\/revisions\/495"}],"wp:attachment":[{"href":"https:\/\/hybred.edu.co\/site\/index.php\/wp-json\/wp\/v2\/media?parent=237"}],"curies":[{"name":"wp","href":"https:\/\/api.w.org\/{rel}","templated":true}]}}