{"id":213,"date":"2025-10-14T21:19:28","date_gmt":"2025-10-14T21:19:28","guid":{"rendered":"https:\/\/hybred.edu.co\/site\/?page_id=213"},"modified":"2025-10-24T18:53:57","modified_gmt":"2025-10-24T18:53:57","slug":"nuestra-esencia","status":"publish","type":"page","link":"https:\/\/hybred.edu.co\/site\/index.php\/nuestra-esencia\/","title":{"rendered":"Nuestra esencia"},"content":{"rendered":"\n<div class=\"wp-block-cover\"><img loading=\"lazy\" decoding=\"async\" width=\"1024\" height=\"439\" class=\"wp-block-cover__image-background wp-image-151\" alt=\"\" src=\"https:\/\/hybred.edu.co\/site\/wp-content\/uploads\/2025\/10\/Recurso-21-1024x439.png\" style=\"object-position:28% 88%\" data-object-fit=\"cover\" data-object-position=\"28% 88%\" srcset=\"https:\/\/hybred.edu.co\/site\/wp-content\/uploads\/2025\/10\/Recurso-21-1024x439.png 1024w, https:\/\/hybred.edu.co\/site\/wp-content\/uploads\/2025\/10\/Recurso-21-300x129.png 300w, https:\/\/hybred.edu.co\/site\/wp-content\/uploads\/2025\/10\/Recurso-21-768x329.png 768w, https:\/\/hybred.edu.co\/site\/wp-content\/uploads\/2025\/10\/Recurso-21-1536x659.png 1536w, https:\/\/hybred.edu.co\/site\/wp-content\/uploads\/2025\/10\/Recurso-21.png 1923w\" sizes=\"auto, (max-width: 1024px) 100vw, 1024px\" \/><span aria-hidden=\"true\" class=\"wp-block-cover__background has-background-dim-0 has-background-dim\"><\/span><div class=\"wp-block-cover__inner-container is-layout-flow wp-block-cover-is-layout-flow\">\n<p class=\"has-text-align-center has-large-font-size\"><\/p>\n<\/div><\/div>\n\n\n\n<h2 class=\"wp-block-heading has-text-align-center\"><strong>Todo comenz\u00f3&#8230;<\/strong> <strong>Con un sue\u00f1o: una educaci\u00f3n sin l\u00edmites<\/strong><\/h2>\n\n\n\n<div class=\"wp-block-group has-global-padding is-layout-constrained wp-container-core-group-is-layout-3bb9c05c wp-block-group-is-layout-constrained\">\n<div class=\"wp-block-group has-global-padding is-layout-constrained wp-container-core-group-is-layout-1629ea14 wp-block-group-is-layout-constrained\">\n<p>Desde hace a\u00f1os, el Liceo Pino Verde ha apostado por una educaci\u00f3n centrada en las personas, sus talentos, sus ritmos y las distintas formas de aprender. En 2007, dimos nuestros primeros pasos con una propuesta educativa pionera en Colombia: flexible, humana y dise\u00f1ada para estudiantes que no pod\u00edan asistir presencialmente al colegio por razones de salud, deporte, arte o distancia.<\/p>\n\n\n\n<p style=\"margin-right:var(--wp--preset--spacing--70);margin-left:var(--wp--preset--spacing--70)\">Con el tiempo, este modelo evolucion\u00f3 y se consolid\u00f3 como una alternativa innovadora y transformadora. En 2024 naci\u00f3 oficialmente&nbsp;<strong>Hybr-ED<\/strong>, la evoluci\u00f3n natural de ese compromiso con la equidad, la flexibilidad y la innovaci\u00f3n educativa. En 2025, la Secretar\u00eda de Educaci\u00f3n de Pereira reconoci\u00f3 formalmente este modelo semipresencial, que hoy acompa\u00f1a a estudiantes desde preescolar hasta grado once.<\/p>\n\n\n\n<p>M\u00e1s que un programa, Hybr-ED es un puente: entre la presencia y la distancia, entre la autonom\u00eda y el acompa\u00f1amiento, entre la realidad y los sue\u00f1os.<\/p>\n\n\n\n<hr class=\"wp-block-separator has-alpha-channel-opacity\"\/>\n\n\n\n<h2 class=\"wp-block-heading has-text-align-center\"><strong>Historias que inspiran<\/strong><\/h2>\n\n\n\n<p><strong>Juan Mart\u00edn<\/strong> y <strong>Nicol\u00e1s,<\/strong> egresados de 2008, cursaron su \u00faltimo grado desde EE. UU. mientras completaban grado once en Colombia, demostrando que la educaci\u00f3n puede ser verdaderamente global. <strong>Manuela<\/strong>, artista reconocida y creadora del logo de Claseweb, continu\u00f3 su formaci\u00f3n desde casa mientras se recuperaba de salud. <strong>Sof\u00eda<\/strong> y <strong>Luis Felipe<\/strong>, ambos tenistas de alto rendimiento, combinaron deporte y educaci\u00f3n desde el extranjero gracias a la flexibilidad del sistema.<\/p>\n\n\n\n<p>Hoy, nuevas generaciones siguen demostrando que los sue\u00f1os no tienen fronteras. <strong>Mar\u00eda Alejandra<\/strong> y <strong>Samuel C.<\/strong> contin\u00faan sus carreras deportivas en el exterior. Samuel R. y Celeste destacan por su compromiso acad\u00e9mico y visi\u00f3n emprendedora. Jer\u00f3nimo, Juan Esteban C. y Juan Esteban C. siguen consolidando trayectorias deportivas y profesionales gracias a la solidez y adaptabilidad del modelo.<\/p>\n\n\n\n<p><strong>Hybr-ED es eso: una historia de estudiantes que aprenden a su ritmo, con prop\u00f3sito, conectando su educaci\u00f3n con la vida real. Porque en Hybr-ED, cada camino de aprendizaje es \u00fanico, valioso y posible.<\/strong><\/p>\n\n\n\n<hr class=\"wp-block-separator has-alpha-channel-opacity\" style=\"margin-top:0;margin-bottom:0\"\/>\n<\/div>\n\n\n\n<div class=\"wp-block-media-text is-stacked-on-mobile\" style=\"grid-template-columns:45% auto\"><figure class=\"wp-block-media-text__media\"><img loading=\"lazy\" decoding=\"async\" width=\"670\" height=\"1024\" src=\"https:\/\/hybred.edu.co\/site\/wp-content\/uploads\/2025\/10\/Simon-Gallego-2-670x1024.jpeg\" alt=\"\" class=\"wp-image-419 size-full\" srcset=\"https:\/\/hybred.edu.co\/site\/wp-content\/uploads\/2025\/10\/Simon-Gallego-2-670x1024.jpeg 670w, https:\/\/hybred.edu.co\/site\/wp-content\/uploads\/2025\/10\/Simon-Gallego-2-196x300.jpeg 196w, https:\/\/hybred.edu.co\/site\/wp-content\/uploads\/2025\/10\/Simon-Gallego-2-768x1173.jpeg 768w, https:\/\/hybred.edu.co\/site\/wp-content\/uploads\/2025\/10\/Simon-Gallego-2-1005x1536.jpeg 1005w, https:\/\/hybred.edu.co\/site\/wp-content\/uploads\/2025\/10\/Simon-Gallego-2-1340x2048.jpeg 1340w, https:\/\/hybred.edu.co\/site\/wp-content\/uploads\/2025\/10\/Simon-Gallego-2-scaled.jpeg 1676w\" sizes=\"auto, (max-width: 670px) 100vw, 670px\" \/><\/figure><div class=\"wp-block-media-text__content\">\n<h2 class=\"wp-block-heading\"><strong>Misi\u00f3n:<\/strong><\/h2>\n\n\n\n<p>Ofrecer una Estrategia H\u00edbrida Educativa, rigurosa y adaptativa, basada en la neurociencia del adolescente y potenciada por la inteligencia artificial, que apoye a estudiantes de los grados 6\u00ba a 12\u00ba en el logro de la excelencia acad\u00e9mica, el crecimiento personal, la ciudadan\u00eda global y el desarrollo significativo de sus proyectos personales y de vida.<\/p>\n<\/div><\/div>\n\n\n\n<div class=\"wp-block-media-text is-stacked-on-mobile\" style=\"grid-template-columns:45% auto\"><figure class=\"wp-block-media-text__media\"><img loading=\"lazy\" decoding=\"async\" width=\"670\" height=\"1024\" src=\"https:\/\/hybred.edu.co\/site\/wp-content\/uploads\/2025\/10\/Recurso-29-670x1024.png\" alt=\"\" class=\"wp-image-420 size-full\" srcset=\"https:\/\/hybred.edu.co\/site\/wp-content\/uploads\/2025\/10\/Recurso-29-670x1024.png 670w, https:\/\/hybred.edu.co\/site\/wp-content\/uploads\/2025\/10\/Recurso-29-196x300.png 196w, https:\/\/hybred.edu.co\/site\/wp-content\/uploads\/2025\/10\/Recurso-29-768x1173.png 768w, https:\/\/hybred.edu.co\/site\/wp-content\/uploads\/2025\/10\/Recurso-29-1005x1536.png 1005w, https:\/\/hybred.edu.co\/site\/wp-content\/uploads\/2025\/10\/Recurso-29-1340x2048.png 1340w, https:\/\/hybred.edu.co\/site\/wp-content\/uploads\/2025\/10\/Recurso-29-scaled.png 1676w\" sizes=\"auto, (max-width: 670px) 100vw, 670px\" \/><\/figure><div class=\"wp-block-media-text__content\">\n<h2 class=\"wp-block-heading\"><strong>Visi\u00f3n:<\/strong><\/h2>\n\n\n\n<p>Ser una opci\u00f3n educativa global y sin fronteras en educaci\u00f3n personalizada h\u00edbrida empoderando a estudiantes talentosos y diversos para que prosperen como l\u00edderes \u00e9ticos y comprometidos con la sostenibilidad, capaces de responder con pertinencia a los desaf\u00edos de un mundo complejo y cambiante, y de construir una vida con prop\u00f3sito que integre la satisfacci\u00f3n personal y el aporte significativo a la sociedad.<\/p>\n<\/div><\/div>\n<\/div>\n\n\n\n<div class=\"wp-block-group has-global-padding is-layout-constrained wp-container-core-group-is-layout-1629ea14 wp-block-group-is-layout-constrained\">\n<hr class=\"wp-block-separator has-alpha-channel-opacity\"\/>\n\n\n\n<h2 class=\"wp-block-heading has-text-align-center\"><strong>Ellos te lo cuentan mejor<\/strong><\/h2>\n\n\n\n<p class=\"has-text-align-center\">Descubre las historias de quienes viven Hybr-Ed d\u00eda a d\u00eda.<\/p>\n\n\n\n<figure class=\"wp-block-video\"><video height=\"1080\" style=\"aspect-ratio: 1920 \/ 1080;\" width=\"1920\" controls src=\"https:\/\/hybred.edu.co\/site\/wp-content\/uploads\/2025\/10\/Video-Hybr-Ed-ICT-Liceo-Pino-Verde-1080p-h264.mp4\"><\/video><\/figure>\n\n\n\n<hr class=\"wp-block-separator has-alpha-channel-opacity\"\/>\n<\/div>\n","protected":false},"excerpt":{"rendered":"<p>Todo comenz\u00f3&#8230; Con un sue\u00f1o: una educaci\u00f3n sin l\u00edmites Desde hace a\u00f1os, el Liceo Pino Verde ha apostado por una educaci\u00f3n centrada en las personas, sus talentos, sus ritmos y las distintas formas de aprender. En 2007, dimos nuestros primeros pasos con una propuesta educativa pionera en Colombia: flexible, humana y dise\u00f1ada para estudiantes que [&hellip;]<\/p>\n","protected":false},"author":2,"featured_media":151,"parent":0,"menu_order":0,"comment_status":"closed","ping_status":"closed","template":"wp-custom-template-empty","meta":{"footnotes":""},"class_list":["post-213","page","type-page","status-publish","has-post-thumbnail","hentry"],"_links":{"self":[{"href":"https:\/\/hybred.edu.co\/site\/index.php\/wp-json\/wp\/v2\/pages\/213","targetHints":{"allow":["GET"]}}],"collection":[{"href":"https:\/\/hybred.edu.co\/site\/index.php\/wp-json\/wp\/v2\/pages"}],"about":[{"href":"https:\/\/hybred.edu.co\/site\/index.php\/wp-json\/wp\/v2\/types\/page"}],"author":[{"embeddable":true,"href":"https:\/\/hybred.edu.co\/site\/index.php\/wp-json\/wp\/v2\/users\/2"}],"replies":[{"embeddable":true,"href":"https:\/\/hybred.edu.co\/site\/index.php\/wp-json\/wp\/v2\/comments?post=213"}],"version-history":[{"count":32,"href":"https:\/\/hybred.edu.co\/site\/index.php\/wp-json\/wp\/v2\/pages\/213\/revisions"}],"predecessor-version":[{"id":502,"href":"https:\/\/hybred.edu.co\/site\/index.php\/wp-json\/wp\/v2\/pages\/213\/revisions\/502"}],"wp:featuredmedia":[{"embeddable":true,"href":"https:\/\/hybred.edu.co\/site\/index.php\/wp-json\/wp\/v2\/media\/151"}],"wp:attachment":[{"href":"https:\/\/hybred.edu.co\/site\/index.php\/wp-json\/wp\/v2\/media?parent=213"}],"curies":[{"name":"wp","href":"https:\/\/api.w.org\/{rel}","templated":true}]}}